the remainder when 296 is divided by a?
71
Let z(s) = -26*s - 1 - 64*s + 56*s. Suppose 4*f - 5*a - 2 = -10, 2*a = 0. What is the remainder when z(f) is divided by 17?
16
Let m(i) be the second derivative of 2*i**3/3 - 5*i. What is the remainder when (-2)/(2 + (-3)/2) + 27 is divided by m(2)?
7
Let g = -19 + 22. Suppose -2*w + g*s + 54 = 0, 0 = -7*s + 2*s. Suppose 2*t + 2*b = -w + 85, -3*t - 5*b + 85 = 0. Calculate the remainder when t is divided by 8.
6
Let m(o) = o**2 + 2*o + 117. Let v be m(0). Let u = v + -66. What is the remainder when u is divided by 13?
12
Let l(u) = 3*u**3 - 5*u**2 - 7*u + 1. What is the remainder when 191 is divided by l(3)?
15
Let w(v) be the first derivative of v**4/4 - 17*v**3/3 + 3*v**2/2 + 9*v - 11. Let u be w(17). Let g = u + -7. Calculate the remainder when g is divided by 27.
26
Suppose 9 = 2*k + 4*y - 19, 0 = -5*k + 5*y + 40. Suppose 0*x + x = 2. Calculate the remainder when -1 + 8/x - -34 is divided by k.
7
Let z = -23 - -31. What is the remainder when 780/17 + z/68 is divided by 12?
10
Let h be (-1)/((-4)/(-18) - 185/792). Suppose 21*x - 19*x = h. Calculate the remainder when x is divided by 15.
14
Let q(u) = u**2 - u + 1. Let m(h) = -4*h**2 - 13*h - 12. Let b(n) = m(n) + 3*q(n). What is the remainder when 21 is divided by b(-15)?
3
Let g(r) = 47*r - 840. What is the remainder when 17 is divided by g(18)?
5
Let k(h) = h**3 + 8*h**2 + 10*h + 15. Calculate the remainder when 65 is divided by k(-6).
11
Let s(b) = -3*b**2 + 5*b - 3. Let c be s(3). Let n be (-2 + -20 - 15/5) + 5. Let f = c - n. Calculate the remainder when 13 is divided by f.
3
Suppose -206 = -4*k + 130. What is the remainder when 754 is divided by k?
82
Suppose 4*c + 4*t - 752 = 0, 0 = 3*c + t - 7 - 547. What is the remainder when c is divided by 37?
35
Suppose -n + f = -3*f + 11, n - 14 = -f. Let s(p) = -p**3 + 8*p**2 + 9*p. Let m be s(n). Calculate the remainder when -2 - (1 - (28 - m)) is divided by 9.
7
Let b(u) = 5*u**2 + 13*u + 36. What is the remainder when b(-3) is divided by 21?
0
Suppose 5*p + 9*u = 12*u + 1633, 976 = 3*p + 2*u. Calculate the remainder when p is divided by 110.
106
Let c = 453 - 447. Calculate the remainder when 64 is divided by c.
4
Let m be 3 - 1 - (12/(-6))/1. Calculate the remainder when 15 is divided by ((-6)/(-9))/(m/60).
5
Suppose -7*r - 75 = -1377. What is the remainder when r is divided by 21?
18
Suppose 7*o = 5*o + 68. Let a = 9 + 3. Calculate the remainder when o is divided by a.
10
Suppose 3*d = 3*b - 927, 0 = 3*b + 4*d - 0*d - 941. What is the remainder when b is divided by 13?
12
Let o(t) = 121*t**3 - 4*t**2 + 3*t + 13. Calculate the remainder when o(2) is divided by 6.
5
Suppose 11*t - 507 = -3*l + 10*t, -t + 337 = 2*l. What is the remainder when l is divided by 45?
35
Suppose -1989 = -3*d - 981. Calculate the remainder when d is divided by 85.
81
Suppose -3*g - 534 = -6*g. Suppose -x + 3*k = -42, x = 3*x - 4*k - 86. What is the remainder when g is divided by x?
43
Let z(f) = 55*f**2 - 17*f - 11. Calculate the remainder when z(-2) is divided by 18.
9
Suppose -7*c - 204 = -11*c. Suppose b = c + 32. What is the remainder when b is divided by 14?
13
Let y(i) = -i**2 - 9*i + 8. Let k be (-1 - 3) + -5 + 2. Calculate the remainder when y(k) is divided by 5.
2
Let h(s) = -2*s - 13. Let f be h(-11). Let b = f + -7. Calculate the remainder when 69 is divided by 12 + (b - 0)*1.
13
Let o(b) = b**2 - 64*b + 416. What is the remainder when o(58) is divided by 32?
4
Let h(t) = 4*t**2 - 5*t - 45. Let g(w) = 7*w**2 - 44*w + 5. Let f be g(6). Calculate the remainder when h(f) is divided by 47.
45
Suppose -3*v - 6 = -9. Let z(a) = 13*a**2 - 3*a. What is the remainder when z(2) is divided by (-40 + 22)/(1/(-2) - v)?
10
Let x(p) = 44*p**2 - 2*p - 1. Let i(f) = 5*f - 3. Let o be (-11)/(-33) - (-16)/6. Calculate the remainder when x(-1) is divided by i(o).
9
Let r = 386 - 353. Calculate the remainder when 115 is divided by r.
16
Suppose -i = 3*c - 11, 2*i + 8*c - 9*c - 22 = 0. What is the remainder when 59 is divided by i?
4
Let p(k) = -78*k + 14. What is the remainder when 25 is divided by p(0)?
11
Suppose -86 = -4*k + 106. Let l be (k + -7)/((-1)/(-2)). Suppose 3*p - l = -4*w + 153, 3*w + 4*p = 185. What is the remainder when w is divided by 14?
13
Suppose 0 = 5*l - 11 - 49. Let w = -90 + 140. Let k = w - 30. What is the remainder when k is divided by l?
8
Suppose 3*j + 4 = -2*h, 0 = 2*j - 3*h + h - 14. Suppose a = k + 2*k + 13, 5*a - j*k = 78. What is the remainder when 46 is divided by a?
14
Suppose 2*i - 9 = -u, -4*i + 145*u - 146*u = -15. What is the remainder when 10 is divided by i?
1
Let q(i) = 22*i**2 + i + 1. Let d = 3 + 1. Suppose -d*x + 0*x = -168. Calculate the remainder when x is divided by q(-1).
20
Suppose -103 = -22*x + 1459. Calculate the remainder when 132 is divided by x.
61
Let m = 126 + -115. What is the remainder when 40 is divided by m?
7
Let j(r) = 9*r**2 + r - 1. Let q be j(-2). Let f(w) = 6 - 32*w + q*w + 8. Calculate the remainder when 5 is divided by f(-11).
2
Let m be ((-108)/(-24))/((-1)/(-10)). What is the remainder when -5*1*(-333)/m is divided by 5?
2
Suppose 9*o = 3*l + 14*o - 914, -l + 282 = -4*o. What is the remainder when l is divided by 30?
28
Let j = 114 + -34. Calculate the remainder when j is divided by (164/(-6))/((-218)/327).
39
Suppose -3*p = -15*p - 1836. Let s = p - -166. What is the remainder when 13 is divided by s?
0
Suppose -711 = -6*l + 669. What is the remainder when l is divided by 78?
74
Let y = -107 + 106. Suppose -5*f = -5, 0 = k - 3*f + 5 + 1. Calculate the remainder when 5 is divided by (3 - 6/k) + y.
1
Let z(b) = -8*b - 9. Let s be z(-17). Suppose -438 = -5*q + s. Calculate the remainder when q is divided by 19.
18
Suppose -27*l + 716 = 176. Let q = -19 - -54. Calculate the remainder when q is divided by l.
15
Let x(i) = 2*i**3 + 17*i**2 + 9*i + 10. Calculate the remainder when 5 is divided by x(-8).
1
Suppose b - 184 = -b. Suppose 17*x = 19*x - b. Calculate the remainder when 183 is divided by x.
45
Let z = 29 - 33. Calculate the remainder when 96 is divided by (-3 - 45/z)*4.
30
Suppose -6227 = -4*p + 1333. Calculate the remainder when (2 + -1)/(5*6/p) is divided by 33.
30
Suppose 0 = 5*u - 91 - 29. What is the remainder when 43 is divided by u?
19
Suppose 14*b + 310 = 12*b. Let n = 259 + b. What is the remainder when n is divided by 54?
50
Suppose 3*z - 38 = -2. Suppose 407*o = 410*o - 63. What is the remainder when o is divided by z?
9
Suppose -2*b - 3*c + 119 = 0, 3*b + 10*c - 166 = 8*c. Calculate the remainder when b is divided by (4/(-10))/(2/(-140)).
24
Let v be (-64)/6*((-13)/(-2) + -2). Let t be 1 + (-1 - 0) - 26. Let s = t - v. What is the remainder when 85 is divided by s?
19
Let k(j) = 2*j**3 + 18*j**2 + 23*j + 5. Let q(t) = t**3 + 9*t**2 + 12*t + 3. Let m(g) = -2*k(g) + 5*q(g). Calculate the remainder when m(-7) is divided by 2.
1
Let o(g) = g + 75. What is the remainder when 138 is divided by o(-40)?
33
What is the remainder when 115/(2*(-1)/(-2)) is divided by -12*(-169)/(-52)*-1?
37
Let w = 2673 + -2493. What is the remainder when w is divided by 41?
16
Let p(g) = -8*g - 10. Let l be (4/(-1))/(-2 + 3). Suppose 2*k = 4*x + 99 + 29, -x - 64 = -k. What is the remainder when k is divided by p(l)?
20
What is the remainder when 177 is divided by 0 - -4 - 3 - (-88)/11?
6
Let y be 15*((-1 - 1)/(-1))/2. Suppose -18 = -11*z + y. Suppose -3 + 0 = -3*j. Calculate the remainder when z is divided by j.
0
Calculate the remainder when 33 is divided by 90/(-135) - 130/(-6).
12
Suppose 16 - 61 = -g. Let d(y) = y**3 - 12*y**2 - 12*y - 4. Let x be d(13). Let q = x - -7. Calculate the remainder when g is divided by q.
13
Let t be ((-2)/(-3))/((-4)/(-198)). Calculate the remainder when 40 is divided by (-2)/6 - (-374)/t.
7
Let v be ((464/(-3))/4)/(6/(-27)). Suppose -11*n + 5*n = -v. Calculate the remainder when 54 is divided by n.
25
Suppose 35 = 3*c - 5*z - 4, -15 = -c + z. Calculate the remainder when c is divided by 16.
2
Suppose 5*l - 139 = 5*i + 241, 5*l = -2*i + 366. What is the remainder when l is divided by 39?
35
Suppose -3*n = 4*u - 23, u + 0*n - 20 = 4*n. Calculate the remainder when 116 is divided by u.
4
Suppose g - 5*g = 44. Let f(u) be the second deriv